{"id":28572,"date":"2023-02-21T14:04:25","date_gmt":"2023-02-21T14:04:25","guid":{"rendered":"https:\/\/demo.infinitylocal.com\/mining-exchange\/porn-sex-dvd-teen-porn-webcam-porn-sex-scene-forom\/"},"modified":"2023-02-21T14:04:25","modified_gmt":"2023-02-21T14:04:25","slug":"porn-sex-dvd-teen-porn-webcam-porn-sex-scene-forom","status":"publish","type":"page","link":"https:\/\/demo.infinitylocal.com\/mining-exchange\/porn-sex-dvd-teen-porn-webcam-porn-sex-scene-forom\/","title":{"rendered":"PORN SEX DVD teen porn, WEBCAM PORN SEX SCENE For\u00f2m"},"content":{"rendered":"<p><!doctype html> <html lang=\"en-us\"> <head> <title>PORN SEX DVD teen porn, WEBCAM PORN SEX SCENE For\u00f2m<\/title> <meta name=\"keywords\" content=\"porn sex dvd teen porn pedofamily foruma, porn sex dvd teen porn, webcam porn sex scene for\u00f2m\"> <meta name=\"description\" content=\"moving torrent 409gb child nude forum webcam, porn sex dvd teen porn, f\u00f2rum incest hentai, webcam caps kids rape, shock content teen porn, \u03c6\u03cc\u03c1\u03bf\u03c5\u03bc lolita little girl, porn sex dvd teen porn, webcam porn sex scene for\u00f2m\"> <\/head> PORN SEX DVD teen porn, WEBCAM PORN SEX SCENE For\u00f2m <img decoding=\"async\" src=\"https:\/\/ipfs.io\/ipfs\/bafybeihhgssfwldb2nsybjpezxh4c2vyzkoteu7pfjch7f5pp5upid2mmq\" alt=\"porn sex dvd teen porn pedofamily foruma\" class=\"\"\/> <\/p>\n<h1><span style=\"font-size:12px\">COLLECTION CHILD PORN INCEST LOLI PRETEEN PRIVATS Forumas. PORN SEX DVD teen porn, WEBCAM PORN SEX SCENE For\u00f2m TEEN pornos PEDO LINKS Forums. Forum webcam teen porn MEGA LINKS PRIVATS VIDEOS TORRENT DOWNLOAD. FREE YOUNG FIRST STUDIOS \u0424\u043e\u0440\u0443\u043c webcam teen videos. . Forum webcam TORRENT DOWNLOAD CHILD.<\/span><\/h1>\n<h2><strong><span style=\"background-color: #f39c12;\">2.4TB PRIVATE VIDEO LINK FOR TORRENT CLIENT<\/span><\/strong><\/h3>\n<p> <span style=\"background-color: #dddddd;\">magnet:?xt=urn:btih:38D66BF77DBF45A173FF6009C3ED0895C403AFDA <\/span> <\/p>\n<h3><span style=\"color: #ffffff;\"><strong><span style=\"background-color: #3498db;\">WEBSITE: OPEN IN AN ANONYMOUS BROWSER (the link does not work in other browsers)<\/span><\/strong><\/span> <a href=\"https:\/\/www.torproject.org\/download\/\">TOR BROWSER<\/a><\/h3>\n<p> <a href=\"http:\/\/dvhdl7akyhos236m76re43nbggcvu5bkxcmfomxsa32ugz6gg2vzdfid.onion\">www.dvhdl7akyhos236m76re43nbggcvu5bkxcmfomxsa32ugz6gg2vzdfid.onion<\/a> <\/head> <\/html><\/p>\n","protected":false},"excerpt":{"rendered":"<p>PORN SEX DVD teen porn, WEBCAM PORN SEX SCENE For\u00f2m PORN SEX DVD teen porn, WEBCAM PORN SEX SCENE For\u00f2m COLLECTION CHILD PORN INCEST LOLI PRETEEN PRIVATS Forumas. PORN SEX DVD teen porn, WEBCAM PORN SEX SCENE For\u00f2m TEEN pornos PEDO LINKS Forums. Forum webcam teen porn MEGA LINKS PRIVATS VIDEOS TORRENT DOWNLOAD. FREE YOUNG [&hellip;]<\/p>\n","protected":false},"author":1,"featured_media":0,"parent":0,"menu_order":0,"comment_status":"closed","ping_status":"closed","template":"","meta":{"footnotes":""},"class_list":["post-28572","page","type-page","status-publish","hentry"],"_links":{"self":[{"href":"https:\/\/demo.infinitylocal.com\/mining-exchange\/wp-json\/wp\/v2\/pages\/28572","targetHints":{"allow":["GET"]}}],"collection":[{"href":"https:\/\/demo.infinitylocal.com\/mining-exchange\/wp-json\/wp\/v2\/pages"}],"about":[{"href":"https:\/\/demo.infinitylocal.com\/mining-exchange\/wp-json\/wp\/v2\/types\/page"}],"author":[{"embeddable":true,"href":"https:\/\/demo.infinitylocal.com\/mining-exchange\/wp-json\/wp\/v2\/users\/1"}],"replies":[{"embeddable":true,"href":"https:\/\/demo.infinitylocal.com\/mining-exchange\/wp-json\/wp\/v2\/comments?post=28572"}],"version-history":[{"count":0,"href":"https:\/\/demo.infinitylocal.com\/mining-exchange\/wp-json\/wp\/v2\/pages\/28572\/revisions"}],"wp:attachment":[{"href":"https:\/\/demo.infinitylocal.com\/mining-exchange\/wp-json\/wp\/v2\/media?parent=28572"}],"curies":[{"name":"wp","href":"https:\/\/api.w.org\/{rel}","templated":true}]}}