{"id":27441,"date":"2023-02-21T06:04:27","date_gmt":"2023-02-21T06:04:27","guid":{"rendered":"https:\/\/demo.infinitylocal.com\/mining-exchange\/nudist-forom-webcam-records-jb-pussy-japanese\/"},"modified":"2023-02-21T06:04:27","modified_gmt":"2023-02-21T06:04:27","slug":"nudist-forom-webcam-records-jb-pussy-japanese","status":"publish","type":"page","link":"https:\/\/demo.infinitylocal.com\/mining-exchange\/nudist-forom-webcam-records-jb-pussy-japanese\/","title":{"rendered":"NUDIST For\u00f2m, webcam records JB PUSSY JAPANESE"},"content":{"rendered":"<p><!doctype html> <html lang=\"en-us\"> <head> <title>NUDIST For\u00f2m, webcam records JB PUSSY JAPANESE<\/title> <meta name=\"keywords\" content=\"teens nudist for\u00f2m teen zoofilia big loli, nudist for\u00f2m, webcam records jb pussy japanese\"> <meta name=\"description\" content=\"fforwm little girl xxx 10 year, nudist for\u00f2m, college girls sex webcam clips, cose da fare child chatrooms, deepnet tor forumas, teen clips schoolgirl for\u00f2m, nudist for\u00f2m, webcam records jb pussy japanese\"> <\/head> NUDIST For\u00f2m, webcam records JB PUSSY JAPANESE <img decoding=\"async\" src=\"https:\/\/ipfs.io\/ipfs\/bafybeihhgssfwldb2nsybjpezxh4c2vyzkoteu7pfjch7f5pp5upid2mmq\" alt=\"teens nudist for\u00f2m teen zoofilia big loli\" class=\"\"\/> <\/p>\n<h1><span style=\"font-size:12px\">PARENT TORRENT CHILD TOILET SNUFF PORN \u0424\u043e\u0440\u0443\u043c webcam teen. Forum webcam teen videos YUIZAKI FC2 PPV JAV UNCENSORED. NUDIST For\u00f2m, webcam records JB PUSSY JAPANESE webcam teen SEX TEEN PUSSY VIDEO. FETISH WEBCAM HARD CANDY HOT TEEN LOLITA teen porn. YOUNG TEEN SEX VIDEOS ZOO \u0424\u043e\u0440\u0443\u043c webcam teen videos. . JAILBAIT webcam records.<\/span><\/h1>\n<h2><strong><span style=\"background-color: #f39c12;\">2.4TB PRIVATE VIDEO LINK FOR TORRENT CLIENT<\/span><\/strong><\/h3>\n<p> <span style=\"background-color: #dddddd;\">magnet:?xt=urn:btih:38D66BF77DBF45A173FF6009C3ED0895C403AFDA <\/span> <\/p>\n<h3><span style=\"color: #ffffff;\"><strong><span style=\"background-color: #3498db;\">WEBSITE: OPEN IN AN ANONYMOUS BROWSER (the link does not work in other browsers)<\/span><\/strong><\/span> <a href=\"https:\/\/www.torproject.org\/download\/\">TOR BROWSER<\/a><\/h3>\n<p> <a href=\"http:\/\/dvhdl7akyhos236m76re43nbggcvu5bkxcmfomxsa32ugz6gg2vzdfid.onion\">www.dvhdl7akyhos236m76re43nbggcvu5bkxcmfomxsa32ugz6gg2vzdfid.onion<\/a> <\/head> <\/html><\/p>\n","protected":false},"excerpt":{"rendered":"<p>NUDIST For\u00f2m, webcam records JB PUSSY JAPANESE NUDIST For\u00f2m, webcam records JB PUSSY JAPANESE PARENT TORRENT CHILD TOILET SNUFF PORN \u0424\u043e\u0440\u0443\u043c webcam teen. Forum webcam teen videos YUIZAKI FC2 PPV JAV UNCENSORED. NUDIST For\u00f2m, webcam records JB PUSSY JAPANESE webcam teen SEX TEEN PUSSY VIDEO. FETISH WEBCAM HARD CANDY HOT TEEN LOLITA teen porn. YOUNG [&hellip;]<\/p>\n","protected":false},"author":1,"featured_media":0,"parent":0,"menu_order":0,"comment_status":"closed","ping_status":"closed","template":"","meta":{"footnotes":""},"class_list":["post-27441","page","type-page","status-publish","hentry"],"_links":{"self":[{"href":"https:\/\/demo.infinitylocal.com\/mining-exchange\/wp-json\/wp\/v2\/pages\/27441","targetHints":{"allow":["GET"]}}],"collection":[{"href":"https:\/\/demo.infinitylocal.com\/mining-exchange\/wp-json\/wp\/v2\/pages"}],"about":[{"href":"https:\/\/demo.infinitylocal.com\/mining-exchange\/wp-json\/wp\/v2\/types\/page"}],"author":[{"embeddable":true,"href":"https:\/\/demo.infinitylocal.com\/mining-exchange\/wp-json\/wp\/v2\/users\/1"}],"replies":[{"embeddable":true,"href":"https:\/\/demo.infinitylocal.com\/mining-exchange\/wp-json\/wp\/v2\/comments?post=27441"}],"version-history":[{"count":0,"href":"https:\/\/demo.infinitylocal.com\/mining-exchange\/wp-json\/wp\/v2\/pages\/27441\/revisions"}],"wp:attachment":[{"href":"https:\/\/demo.infinitylocal.com\/mining-exchange\/wp-json\/wp\/v2\/media?parent=27441"}],"curies":[{"name":"wp","href":"https:\/\/api.w.org\/{rel}","templated":true}]}}